What is 166a1aa (base 11) in base 8?
12651340
Convert -104024031 (base 5) to base 7.
-3603133
Convert 411320231 (base 5) to base 8.
6267575
-397cc (base 13) to base 11
-73278
Convert a7a1a4 (base 11) to base 15.
24187c
124230410 (base 5) to base 15
c2eda
Convert 10101110020 (base 3) to base 9.
111406
Convert -389cb (base 15) to base 4.
-230031203
-1035543551 (base 6) to base 16
-aad53b
What is -17b70 (base 15) in base 7?
-436665
What is 1637550 (base 8) in base 4?
1303331220
Convert c2a63 (base 15) to base 5.
124212333
What is 175032 (base 10) in base 4?
222232320
Convert 1a2a98 (base 13) to base 8.
2417110
What is -44524051 (base 6) in base 7?
-14315113
Convert -2466358 (base 10) to base 2.
-1001011010001000110110
Convert 101112010021 (base 3) to base 11.
131685
What is -1573662 (base 8) in base 6?
-13442002
Convert -765812 (base 12) to base 13.
-508bb3
What is -10364363 (base 7) in base 14?
-19246a
Convert 126835 (base 11) to base 16.
30a9d
Convert -789235 (base 13) to base 4.
-22313033032
51a646 (base 12) to base 10
1283094
Convert 510423 (base 6) to base 11.
28339
What is 370334 (base 13) in base 16?
140e34
-815662 (base 10) to base 11
-507901
Convert -ee4a3 (base 15) to base 10.
-757053
Convert -cad4e (base 16) to base 14.
-178aaa
131441344 (base 5) to base 7
5401045
Convert 3b0d92 (base 15) to base 2.
1010110100111000101110
-100111010101010010101 (base 2) to base 5
-312220403
-250903b (base 12) to base 3
-111121102001202
What is 10101010010111100 (base 2) in base 15?
1aca3
What is 47434 (base 12) in base 9?
155184
-2320663 (base 8) to base 15
-c7064
What is -15cd234 (base 14) in base 12?
-37092ba
Convert -10000010100111011 (base 2) to base 16.
-1053b
What is -10920 (base 14) in base 8?
-116420
Convert -43635777 (base 8) to base 3.
-122122220112221
Convert 310335233 (base 6) to base 3.
101001122221110
What is -134131130 (base 5) in base 6?
-22502441
Convert -78b8a (base 15) to base 12.
-166264
Convert 9bc50d (base 16) to base 10.
10208525
Convert -1123033030 (base 5) to base 2.
-1001101110010110010100
-247a37 (base 11) to base 8
-1374101
3303122300 (base 5) to base 16
6c1349
Convert 3bd66 (base 14) to base 9.
245102
-13451140 (base 7) to base 6
-42531251
276c74 (base 15) to base 6
104350344
1001110101100010011 (base 2) to base 7
2511501
c041cc (base 15) to base 10
9126417
What is -432440401 (base 5) in base 3?
-10110122102122
What is -83b949 (base 12) in base 3?
-10220022221010
-383347 (base 12) to base 13
-261b38
Convert -aba05 (base 13) to base 9.
-524230
What is 3011203133 (base 4) in base 14?
170c6b
4443001 (base 11) to base 14
106c034
110100100111001010 (base 2) to base 12
a4862
Convert -536983 (base 11) to base 5.
-204431334
Convert -b7c3 (base 15) to base 9.
-58303
Convert 8b8bc (base 13) to base 6.
5240402
What is 100211451 (base 7) in base 13?
128179b
What is 111112 (base 8) in base 4?
21021022
3999b2 (base 14) to base 15
2935dc
What is -202020112222221 (base 3) in base 8?
-51023333
-5456114 (base 7) to base 10
-669596
-16a18 (base 14) to base 6
-1115130
Convert -55302016 (base 8) to base 3.
-211101101000000
12ba2 (base 12) to base 6
315522
Convert -1223352 (base 7) to base 8.
-463136
10010010100010111000 (base 2) to base 15
bccb8
Convert 1c1ab6 (base 13) to base 10.
718061
What is 68a8b (base 13) in base 5?
22100442
Convert -3445210 (base 6) to base 10.
-177414
304011312 (base 5) to base 16
12d907
-5516b (base 12) to base 11
-77616
-300022133 (base 4) to base 8
-601237
9bff5 (base 16) to base 7
5300605
17dc81 (base 14) to base 7
10116121
354023033 (base 6) to base 2
11001010010010000111101
Convert -1110000100101001 (base 2) to base 11.
-3a341
33bb8a (base 12) to base 4
3022133122
Convert -1775929 (base 12) to base 4.
-102220013301
440606 (base 8) to base 7
1154016
What is 12221021102002 (base 3) in base 12?
1081762
Convert -3124413 (base 6) to base 12.
-73709
What is 13418998 (base 10) in base 2?
110011001100000111110110
Convert -1b7b49 (base 13) to base 6.
-23021311
What is 101e390 (base 16) in base 7?
263441035
Convert 18aa1 (base 13) to base 3.
2102210020
Convert 1740491 (base 11) to base 5.
1224124231
Convert -16165651 (base 7) to base 9.
-2841547
Convert 332e3 (base 16) to base 3.
101122120021
8a1a7e (base 16) to base 15
bdba85
What is -11001202000 (base 3) in base 16?
-13881
3055411 (base 7) to base 12
158387
-23223323 (base 4) to base 16
-bafb
What is 25452432 (base 9) in base 16?
bea483
Convert -2844ac (base 13) to base 9.
-1754214
-32001232220 (base 4) to base 11
-2091725
-12515355 (base 8) to base 14
-5297ad
32348b (base 13) to base 6
41131251
18d60 (base 16) to base 15
2021d
What is 441502 (base 7) in base 5?
4434142
Convert -78a85 (base 13) to base 7.
-1602236
Convert 30203121022 (base 4) to base 15.
45004d
Convert 287231 (base 12) to base 16.
a5085
751141 (base 8) to base 12
100b41
Convert 3b0665 (base 15) to base 4.
22310133131
3471611 (base 8) to base 13
272105
Convert 40052 (base 11) to base 16.
e4fd
What is -210303433 (base 5) in base 8?
-3241573
-211215 (base 7) to base 13
-137a3
Convert 12131011132 (base 4) to base 5.
413120443
What is af980 (base 16) in base 2?
10101111100110000000
Convert 10120210111 (base 3) to base 7.
412504
-3670 (base 8) to base 12
-1188
300000211 (base 4) to base 15
3d3ea
What is 1451a1 (base 13) in base 14?
cd0b4
What is -1000110001010101011000 (base 2) in base 13?
-6266b5
Convert 340200211 (base 5) to base 12.
5ba7b5
Convert 1000011110111001000100 (base 2) to base 11.
1289761
What is 110833 (base 12) in base 13?
96318
What is -1110430 (base 5) in base 13?
-8b43
Convert 25656407 (base 8) to base 9.
11685747
Convert -648bfb (base 16) to base 11.
-37a0816
Convert -11142203 (base 6) to base 9.
-567423
What is 43c9aa (base 13) in base 6?
54134120
4421221 (base 5) to base 13
28a39
Convert 531c2 (base 14) to base 15.
3e6d8
-5121022 (base 7) to base 5
-124011323
Convert -103000202033 (base 4) to base 15.
-686652
What is b12c6 (base 14) in base 8?
1477636
-4361222 (base 7) to base 8
-2026510
-1063605 (base 7) to base 9
-222863
What is 13135500 (base 8) in base 10?
2931520
-1b948b8 (base 12) to base 4
-112210310030
b63ca5 (base 13) to base 7
51150326
Convert -145196 (base 13) to base 4.
-1321102232
-133030212 (base 4) to base 9
-214250
Convert -29ad2 (base 15) to base 6.
-2512412
-331033330 (base 4) to base 6
-5213244
What is 849d8 (base 15) in base 14?
ad480
779093 (base 11) to base 13
346389
26a713a (base 11) to base 7
54440341
Convert 215512 (base 7) to base 10.
37984
What is 1001110100111100000 (base 2) in base 10?
322016
-1403258 (base 9) to base 2
-10111011111111110111
What is 1011241331 (base 5) in base 8?
7657241
What is 10134404242 (base 5) in base 16?
9fb395
Convert -45326550 (base 7) to base 14.
-747bd0
What is -20451332 (base 6) in base 16?
-91f28
What is 100021200020122 (base 3) in base 2?
10010110100100110100011
What is -7c02 (base 14) in base 8?
-52072
Convert 2881733 (base 9) to base 16.
183f60
Convert 59622 (base 14) to base 15.
448c2
Convert -1239a3 (base 11) to base 12.
-951a0
4966b (base 12) to base 2
11000010001110011
Convert -1110322 (base 4) to base 9.
-7407
Convert -4055484 (base 9) to base 4.
-20033332312
-1120020210 (base 4) to base 16
-58224
-6732b (base 12) to base 3
-20221220022
What is 177a1b (base 13) in base 12?
244561
Convert -c15a3 (base 13) to base 5.
-42032112
What is -110310311 (base 4) in base 2?
-10100110100110101
1ad600 (base 14) to base 4
3222011300
Convert -25135133 (base 6) to base 10.
-805953
-29677 (base 11) to base 5
-2321241
-a8215 (base 13) to base 6
-10301142
Convert -110d (base 15) to base 2.
-111000011101
-10860c (base 16) to base 12
-442810
Convert -a1a4 (base 13) to base 5.
-1203043
Convert -101353400 (base 6) to base 11.
-a9aa67
-7da1d6 (base 16) to base 3
-120111022010212
632979 (base 10) to base 9
1164250
What is 447b4 (base 12) in base 3?
11121211101
12140430442 (base 5) to base 15
13e384c
Convert 100000101111011100 (base 2) to base 7.
1065662
Convert 2031011030 (base 4) to base 12.
23a4b8
Convert -731893 (base 10) to base 14.
-150a21
Convert 134514352 (base 6) to base 15.
393ed8
What is 1f694 (base 16) in base 14?
34c60
-22774 (base 12) to base 16
-b3c8
What is -142343440 (base 5) in base 10?
-746745
What is 4035510 (base 6) in base